 1 + -2 + 9 + -2 + -1.
5
What is the value of 2 - 5 - (2 - 6)?
1
What is -5 + 7 + 0 + 4 + -1?
5
2 - (1 + 2 + 3)
-4
Calculate 3 + -7 - ((2 - 0) + -3).
-3
What is -16 + 8 + 11 - (-1 + 12)?
-8
What is (-10 - -3 - -1) + 9?
3
1 - (-1 + 1) - (-28 + 33)
-4
What is the value of -3 + -4 + 2 + 4 + 4?
3
Calculate (2 - 1) + 5 + (-9 - 0).
-3
Calculate 10 + -4 + (-2 - 2).
2
Calculate 5 - (-5 + 0 - (-5 - 2)).
3
What is 5 + (8 - 4) + -7?
2
Evaluate 0 + 5 + 0 + (-6 - 4).
-5
Calculate 3 + -7 - (18 + -8 + -7).
-7
What is 2 + 1 + -8 + -8 + 17?
4
What is -12 + (-1 - -4) + 4?
-5
(-8 - 1) + 8 - 7
-8
7 + 4 + -1 + -3 + -6
1
Evaluate (7 - (-11 - -10)) + -3 + -1.
4
What is 7 + (-7 - (11 - 14))?
3
Calculate -5 + 2 - (-1 + (-4 - 4)).
6
What is the value of -39 - -36 - (0 + -6)?
3
1 + -1 + 0 + -1 - -3
2
Evaluate -1 - ((-11 - -9) + 6).
-5
What is 3 + 2 - (1 - -7) - 4?
-7
What is -1 + 1 + (-14 - -15) + 4?
5
What is -2 + 3 + 2 + -8?
-5
Evaluate -4 - (4 + 4) - -6.
-6
What is (3 - (1 - 0)) + (5 - 9)?
-2
3 + (2 + -4 - (4 - 2))
-1
What is the value of (3 - (2 + (4 - 2))) + 6?
5
Evaluate (-2 - 0 - (4 + -5)) + 0.
-1
What is -19 - -29 - (10 + -3)?
3
What is the value of -4 + 8 + 1 + -7?
-2
What is the value of 2 + -2 + 3 - (-7 + 8)?
2
Evaluate (-14 - -1) + 4 + -9 + 12.
-6
What is (9 - 4 - 8) + 2?
-1
Calculate -9 + 5 + (12 - 8).
0
What is the value of 0 - (7 + -19) - 2?
10
What is -5 - (-12 + 3) - (1 + 8)?
-5
14 + -13 - (3 - 2)
0
What is the value of 14 + -4 + (-6 - -3) - 2?
5
What is the value of 0 - (5 - (-9 + 7 + 3))?
-4
What is the value of -4 - (-10 + -2) - 3?
5
What is the value of (5 + 3 - 4) + -7?
-3
What is 5 - (-3 - -2 - -3)?
3
Evaluate -1 + 1 + 0 + -5.
-5
What is -3 - ((10 - 5) + -9)?
1
What is the value of (7 + 1 - (-5 - -17)) + -2?
-6
What is 1 + -1 + -2 + 2 + -3?
-3
Evaluate 6 + -3 + -5 + 3.
1
What is (3 - (1 - -1) - 3) + 3?
1
What is -10 + (11 - 11) - -10?
0
(7 - 2) + -6 + 16 + -9
6
4 - (-15 + 6 - -4)
9
Calculate 5 + 1 + 26 + (-20 - 6).
6
What is the value of -2 + (0 - -2) + -15 + 11?
-4
-4 - (2 - (1 - 0))
-5
What is the value of 3 - (-8 + 6 + 3 + 0)?
2
What is (6 - (2 - -1)) + -9 + 2?
-4
What is the value of 24 + -9 - (-12 + 26)?
1
What is -9 + 3 - (-11 - 0)?
5
Evaluate -1 + ((1 - -3) + -5 - -2).
0
What is the value of 12 + 6 + -11 - (1 - 2)?
8
What is the value of 3 - (1 + -1 + -30 + 28)?
5
What is 0 + 7 - 7 - (3 - 3)?
0
What is -5 - (2 + -1 + (9 - 12))?
-3
Calculate (25 - 25) + -4 + -1.
-5
Evaluate 1 - -4 - (-106 + 102).
9
Evaluate -193 + 185 + 18 + -1.
9
Evaluate 5 + (2 - 2) + -5.
0
Evaluate (3 - (4 - 5)) + -6.
-2
Evaluate -1 + (6 + -10 - -1).
-4
Evaluate (2 - 5) + (1 - 0).
-2
Calculate 3 + 0 + -7 - -7.
3
Calculate 3 + -1 - (3 + -9 + 5).
3
What is the value of -3 + -2 + 2 - -9 - -2?
8
What is the value of -1 - (5 - 12 - -3)?
3
(-8 - -8) + (0 - -1)
1
(-18 - (-6 - 0)) + 10
-2
What is (1 - 0 - -1) + -1 + 0?
1
What is (45 - 38) + -5 + 0?
2
What is 2 + 0 - 0 - 4?
-2
Evaluate -5 - (-2 + 6 + -5 + -1).
-3
Calculate 0 + (0 - 3 - (3 + -2)).
-4
0 - (2 - 2 - (-2 - -5))
3
Calculate 8 + (1 - (9 + (4 - 8))).
4
(-9 - (-3 - 2)) + 7
3
What is -3 + -1 - 4 - -3?
-5
Evaluate 12 - (-2 - (-8 + 0)).
6
Evaluate 3 - (2 + -4 + 2).
3
What is -4 - (-15 - (-3 - 4)) - 7?
-3
(-4 - -9) + (6 - 0) + -4
7
What is the value of 1 - (-3 + 1 + 3)?
0
Calculate 2 - (10 + -11 - -1).
2
-1 - 1 - (13 + (-12 - 5))
2
-1 - (2 + (-9 + 3 - -1))
2
Evaluate -3 - (-9 - -9 - 5).
2
Evaluate (2 - 1) + 1 - (14 - 9).
-3
What is -10 + 1 - (67 - 82)?
6
What is 2 + -6 + 0 - -1 - -1?
-2
What is -3 + (3 - -5) + -7?
-2
Calculate -1 + 3 + (-12 - (2 + -9)).
-3
What is 1 - 9 - (-1 - 0)?
-7
(-1 - 3) + 14 + -7 + 2
5
What is the value of -236 - -234 - (1 + 0 + -6)?
3
What is the value of -64 - -63 - (2 + 0)?
-3
Calculate 8 + -5 - 0 - (0 - -1).
2
What is the value of -4 + (-2 - -6) + 0 - -4?
4
2 - -2 - (11 - 8)
1
What is -10 + (25 - 9 - 6)?
0
What is the value of (15 - 3 - (8 - 3)) + -2?
5
13 + (2 - 13) - -3
5
Evaluate (-7 - (3 - 8)) + 6.
4
Calculate -99 - -98 - (0 + 8).
-9
What is -6 - (3 + -5 + -1)?
-3
What is (-1 - 4) + (-80 - -89)?
4
Evaluate 2 - (4 + 7 + -4 - 11).
6
What is 25 + -13 - (0 + 6)?
6
9 - -9 - 11 - 10
-3
-5 + 1 - (2 - (-2 - -5))
-3
Calculate 0 + (-10 + 8 + -3 - -2).
-3
Calculate (-6 - (-6 - -2 - 2)) + -5.
-5
Evaluate 1 - ((14 - 26) + 22).
-9
Evaluate 3 + (-3 - 0) + -2 - -7.
5
What is -16 + 11 - (2 + -3 - 3)?
-1
Calculate -5 + 4 + (-1 - 4).
-6
Calculate -1 + 1 - (-4 + 1 - -6).
-3
What is the value of (-6 - (3 + -8)) + 11 + -4?
6
Calculate -1 + -2 - (4 + -11 + 0).
4
What is (-5 - -14) + -4 + -8?
-3
Calculate 1 + -7 + -2 + 7.
-1
Evaluate 2 + 3 + -5 - 3.
-3
What is the value of -1 - (3 + -6 - (0 - 3))?
-1
Evaluate (8 - 2) + (1 - 7) - -3.
3
Calculate 11 - (7 + (-3 - -4)).
3
What is 4 + -12 + -3 + (-5 - -22)?
6
What is -1 + -6 + (3 - -1) - -2?
-1
Evaluate -1 + -2 + 2 + -3 + -1.
-5
What is -10 + 20 + -10 - 7?
-7
What is the value of -5 - (-4 + 2 + -1 + 3)?
-5
Evaluate (5 - 1) + -6 - -2.
0
2 + 8 + -1 + -6
3
5 + -8 - (1 + -1 - 2)
-1
What is the value of -11 - (6 + (-7 - 7))?
-3
-1 + (2 - -2) + -4
-1
Calculate -2 + 0 + (-6 - -2) + 4.
-2
Evaluate -14 - (0 - 7) - -6.
-1
What is -5 + 11 + -2 + 0 - 3?
1
Calculate 17 + (1 - 6 - 2).
10
(7 - (6 - 4)) + -4 + 2
3
-6 + 11 - 6 - (-1 - -7)
-7
-8 + -2 - (32 - 39)
-3
(-7 + 9 - 2) + (-1 - -4)
3
Calculate -1 + -2 - (-2 + -3 + 6).
-4
What is the value of (117 - 122) + (5 + 2 - 2)?
0
What is -5 + 2 - (-8 - -10)?
-5
Calculate 4 + -7 + (1 - -2).
0
Evaluate 2 + -5 + 5 + 9.
11
Evaluate -9 - (-4 + 5 - 4).
-6
-6 - (-9 - (-19 - -7))
-9
What is 1 + 1 + 1 + 1 + 1?
5
Evaluate (-5 + 4 - -1) + (-6 - -8).
2
Evaluate -5 + -2 + (-1 - -4).
-4
Evaluate -11 - (6 + 6 - 24).
1
3 - (-4 + 2 + 3) - 4
-2
What is the value of -3 + -1 + 4 + 1 + -1?
0
(-11 - -7) + -3 + 6
-1
-5 - (5 - (8 + 2))
0
Evaluate 0 - 1 - -6 - (37 + -33).
1
-1 + 1 + (4 - 0) - 1
3
What is 4 - (4 - -6 - (3 - 1))?
-4
(11 - (-1 + 1)) + -5
6
What is -2 - 2 - (-7 + 3 + 5)?
-5
2 + 2 + -12 + 3
-5
Calculate (-9 - -3) + (-2 - (-7 - 3)).
2
Evaluate -3 + -5 + -4 + 4.
-8
0 + -5 + (-3 - 4) + 8
-4
Calculate (-6 - 4) + 5 - (13 - 24).
6
What is 3 + -1 + 1 - (3 + -4)?
4
Evaluate -9 - (-16 - (0 + -8)).
-1
What is -3 + 10 + -1 - 4?
2
-8 - (5 + -3 - 6)
-4
What is 9 + -20 + 3 + 0?
-8
Calculate (2 - (-8 - -2)) + -3 - 1.
4
What is -12 + 4 + 3 + 1?
-4
Calculate (-1 - -6) + 1 + 0 + -2.
4
Evaluate -6 + 1 - (14 + -15).
-4
What is -5 - (-12 - -7) - (-3 + 0)?
3
What is 3 + (13 - 18) - (-2 - 1)?
1
What is -1 - -5 - (10 - 4 - 9)?
7
Calculate -7 + 9 + (-3 - -1).
0
What is -10 + 3 - (-5 + 5 + -4)?
-3
Calculate 14 + -17 + 8 + (1 - -1).
7
What is the value of (-4 + 18 - 17) + 2 + 1?
0
What is 6 + (7 - (-3 - (-9 + -4)))?
3
-4 + -1 + (1 + -1 - 0)
-5
What is (-9 - -32) + -11 - (8 - 1)?
5
What is (5 - 0) + -1 + -5?
-1
Evaluate 0 + (10 - 5) - 5.
0
Calculate 27 + -13 + -9 + -11.
-6
Evaluate -28 - -25 - (3 + 1 + -1).
-6
Evaluate 0 - (-5 + 3 - -8) - -2.
-4
What is the value of (4 - (7 - 12 - -4)) + 4?
9
What is 2 + 3 - 7 - -2 - 2?
-2
Calculate 7 + -11 - (10 + -5 + -1).
-8
(9 - (1 - -4)) + -3 + -1
0
0 - 0 - (0 + (-10 - -6))
4
What is the value of (-28 - -29) + (2 + -3 - 2)?
-2
What is -3 - 1 - (-46 - -37)?
5
What is the value of (-8 - -4) + -2 - -14?
8
What is -3 + 1 - (1 + 3)?
-6
Calculate (-4 - 1) + (13 - 5).
3
(1 - 1) + (2 - 8 - -6)
0
What is the value of -5 - ((1 - 0 - -2) + -2)?
-6
Evaluate 4 + 0 + (8 - -1 - 9).
4
What is the value of -4 + (6 - 12 - -1) + 5?
-4
What is the value of 7 + 4 + 0 + -5?
6
Calculate (2 - -11) + 15 + -19.
9
Calculate (-1 - 1 - -3) + 1.
2
Evaluate 7 - ((2 - 3) + -34 + 38).
4
What is 43 + -37 + 2 + (2 - 9)?
1
Evaluate 1 + (-5 - -1) - (-1 - 3).
1
What is (5 - 5) + -5 + 2?
-3
-1 + 7 + (3 + -8 - -2)
3
What is the value of (59 - 64) + (12 + -2 - 2)?
3
-1 + (-3 - 0) - (-10 + 8)
-2
-10 + 12 + 0 + -3
-1
Evaluate (-9 - -9) + 2 - (2 + 2).
-2
Calculate (-2 - -1) + -1 + -7 + 4.
-5
Calculate 1 + -1 + 1 + -4.
-3
What is the value of -5 + (2 - (-6 - 6))?
9
-1 + -4 - (-4 + -1 - -3)
-3
What is the value of 1 + 1 - (2 - (1 + 3))?
4
44 - 49 - (-5 - 1)
1
What is the value of (15 - 10) + (3 - 5)?
3
Calculate 3 + 5 + -5 + (-1 - 3).
-1
What is the value of 1 - ((0 - -5) + -5)?
1
What is 2 + (-1 - 3 - -6)?
4
6 + 6 + -8 - 0
4
What is the value of 1 + -7 - (-61 - -48) - 3?
4
What is -3 